{"id":11,"date":"2007-04-25T14:05:15","date_gmt":"2007-04-25T12:05:15","guid":{"rendered":"http:\/\/hepchen.de\/xzx\/X\/?page_id=11"},"modified":"2007-04-25T14:13:01","modified_gmt":"2007-04-25T12:13:01","slug":"die-geschichte","status":"publish","type":"page","link":"http:\/\/hepchen.de\/xzx\/X\/die-geschichte\/","title":{"rendered":"Die Geschichte&#8230;."},"content":{"rendered":"<p><font size=\"+1\"><b>Etwas Geschichte aus meiner Sicht (Herbert)&#8230;&#8230;<\/b><\/font><br \/>\n\t\tEs war im Sommer 1998 als Stephan (fuer mich ein Bekannter aus der duennen Acorn User Gemeinde) mich anrief ich sollte doch im Oktober nach Seeshaupt kommen. Er wuerde dort mit einigen anderen Leuten (Robert, Heiko) rund um den Computer Club Seeshaupt (CCS) eine Alternative Computerparty veranstalten. Teilnehmen darf alle was 8-Bit hat oder jenseits des mainstreams ist<\/p>\n<p><b>XzentriX I 1998<\/b> &#8211; So fuhr ich nun ende Oktober &#8217;98 mit meinem Archimedes A3000 und einem VC20 mit dazugeh\u00c3\u00b6rendem roten SW\/TV (Dieser wurde durch seine perfekte unsch\u00c3\u00a4rfe zum Lieblingdatensichtger\u00c3\u00a4t aller \ud83d\ude09 )zur ersten XzentriX. Es waren ca. 15 bis 20 Teilnehmer dort.<\/p>\n<p><b>XzentriX II 1999<\/b> &#8211; das selbe Spiel. Ende Oktober ca. 20-25 Leute. In diesem Jahr gabs am Rande die Legend\u00c3\u00a4re Geschichte der Bolzen. Wer hat sie? Bis heute ungekl\u00c3\u00a4rt. Stundenlanges suchen blieb ohne Erfolg.<\/p>\n<p><b>XzentriX III 2000<\/b> &#8211; Ab dem Jahr 2000 war ich, nachdem ich oefters mit Robert auf Flohmaerkten war, Aktiv an der Organistaion beteiligt. Es war auch das erste mal das wir richtig Werbung, abseits von Newsgroups und Newsseiten machten. Dies geschah auf dem damals erstmalig stattfindenden <a href=\"http:\/\/www.vcfe.org\">VCFe<\/a>. Damals gabs auch die ersten der legendaeren XzentriX T-Shirts zu sehen. Die XzentriX selbst war wieder im Oktober und mit ca. 35 Leuten besucht. Unter anderem auch mit Besuch aus Italien. <\/p>\n<p><b>XzentriX IV 2001<\/b> &#8211; Die 4. Xzentrix. Selbe Startegie, selbe Ziele. Ich machte das erste der in der Galerie verewigten <a href=\"poster.html\">Poster<\/a>. Termin war mitte September. Besuch ca. 30 Leute. Ausserdem wurde <a href=\"http:\/\/www.zefix.tv\/10000\">10000meters<\/a> ein echtzeit 10000 Meter Lauf in bester Decathlon Qualitaet fuer den C64 offiziel veroeffentlicht. Nachdem es bereits auf dem <a href=\"http:\/\/www.vcfe.org\">VCFe<\/a> 2.0 ausgibig getestet wurde. Es wurde sogar in eine Auflage von 16 Stueck in richtiger Huelle gemacht. Wovon der grossteil an die Teinehmer des <a href=\"http:\/\/www.zefix.tv\/10000\">10000meters<\/a> Wettbewerbs verteilt wurde. Aber es wurden auch, ich glaube 3 Stueck in der <a href=\"http:\/\/www.go64.de\">GO64!<\/a> verlost.<\/p>\n<p><b>XzentriX V 2002<\/b> &#8211; Zur 5. XzentriX 2002. Vorbereitungen Normal. Zeitpunkt anfang Oktober. ca.40 Leute, da wieder bei weitem mehr CPC Juenger als im Vorjahr da waren. Diese hatten auch viel zu tun, denn sie waren unter Mithilfe eines rumaenischen Sceneres in die Planungen ihres <a href=\"http:\/\/cpcng.kriga.net\/index.php?page=home_eng\">CPCng<\/a> vertieft.<br \/>\n      \tDas Projekt wurde von der deutschen Seite nich allzuviel sp\u00c3\u00a4ter beerdigt.<\/p>\n<p><b>XzentriX VI 2003<\/b> &#8211; war von 12.-14. September die 6. XzX mit so 40-50 Leuten und richtig vielen Maschinen. Es gab auch das Projekt 2023 zu sehen, welches im Bericht zum VCFe 4.0 in der Chip-Online auf einigen dazugeh\u00c3\u00b6rigen Bildern zu sehen war.<\/p>\n<p><b>XzentriX VII 2004<\/b> &#8211; kurz zusammengefa\u00c3\u0178t. Wir hatten die <b>Welturauff\u00c3\u00bchrung<\/b> des <b>C=One CPC-Cores<\/b> und den <b>Release<\/b> der lang erwarteten <b>&#8220;swimgames&#8221; von Andi<\/b>. Somit die Dattelfraktion gl\u00c3\u00bccklich. Wobei man schon wieder einen neuen Traum hat nach 10000meters und swimgames, tr\u00c3\u00a4umt man jetzt von einem Triathlon.<\/p>\n<p><b>XzentriX VIII 2005<\/b> &#8211; War vom 2.9. &#8211; 4.9.2005. Bilder, Gechichten usw.. Google doch mal&#8230;<\/p>\n<p>Das wars dann mal vorerst. 2006 wirds die <b>XzentriX IX<\/b> geben. Vom 8.9 &#8211; 10.9.2006 ists wieder soweit&#8230;. <\/p>\n<p>\t\tcu&#8230;. Herbert am 28.5.06<\/p>\n","protected":false},"excerpt":{"rendered":"<p>Etwas Geschichte aus meiner Sicht (Herbert)&#8230;&#8230; Es war im Sommer 1998 als Stephan (fuer mich ein Bekannter aus der duennen Acorn User Gemeinde) mich anrief ich sollte doch im Oktober nach Seeshaupt kommen. Er wuerde dort mit einigen anderen Leuten (Robert, Heiko) rund um den Computer Club Seeshaupt (CCS) eine Alternative Computerparty veranstalten. Teilnehmen darf [&hellip;]<\/p>\n","protected":false},"author":1,"featured_media":0,"parent":0,"menu_order":7,"comment_status":"closed","ping_status":"closed","template":"","meta":{"footnotes":""},"_links":{"self":[{"href":"http:\/\/hepchen.de\/xzx\/X\/wp-json\/wp\/v2\/pages\/11"}],"collection":[{"href":"http:\/\/hepchen.de\/xzx\/X\/wp-json\/wp\/v2\/pages"}],"about":[{"href":"http:\/\/hepchen.de\/xzx\/X\/wp-json\/wp\/v2\/types\/page"}],"author":[{"embeddable":true,"href":"http:\/\/hepchen.de\/xzx\/X\/wp-json\/wp\/v2\/users\/1"}],"replies":[{"embeddable":true,"href":"http:\/\/hepchen.de\/xzx\/X\/wp-json\/wp\/v2\/comments?post=11"}],"version-history":[{"count":1,"href":"http:\/\/hepchen.de\/xzx\/X\/wp-json\/wp\/v2\/pages\/11\/revisions"}],"predecessor-version":[{"id":69,"href":"http:\/\/hepchen.de\/xzx\/X\/wp-json\/wp\/v2\/pages\/11\/revisions\/69"}],"wp:attachment":[{"href":"http:\/\/hepchen.de\/xzx\/X\/wp-json\/wp\/v2\/media?parent=11"}],"curies":[{"name":"wp","href":"https:\/\/api.w.org\/{rel}","templated":true}]}}